 + (0 - 1))
-3
Calculate -4 + -5 + 6 + (4 - 2).
-1
What is -4 + (7 - 0) - 4?
-1
What is 33 + -31 - (4 + 0) - 6?
-8
-9 + (16 - (2 + 6))
-1
What is the value of 0 + 10 + -1 + -10?
-1
What is (3 - (2 - -4) - 0) + 4?
1
Calculate -2 + -3 + (13 - (3 + 1)).
4
-1 + 5 + -17 + 18
5
Evaluate -4 - (-3 - (1 + -4)) - 1.
-5
What is the value of -4 + -5 + 6 + -2?
-5
Evaluate -2 + 5 + -7 + 8.
4
What is the value of (-4 - 0) + 10 + -7?
-1
Calculate -12 + 6 - ((5 - 17) + 4).
2
7 + (1 + 2 - 4)
6
What is the value of (3 - 0) + (0 - -1)?
4
Evaluate 18 + -16 + -14 + -1 + 4.
-9
Calculate -4 + -11 - (5 - 12).
-8
-5 - 0 - -9 - 1 - 8
-5
What is -3 - (-4 - 0) - 4?
-3
Calculate -6 - (3 - 11) - 10 - -5.
-3
What is the value of 5 - (-2 - (-5 + 2))?
4
What is the value of 3 - 2 - (1 + 0)?
0
-5 + (4 + 0 - -6)
5
Calculate -27 + 21 - (-10 + (1 - 2)).
5
Calculate (-4 - 2) + (-6 + 10 - -2).
0
Evaluate 4 - (-5 - -6) - 7.
-4
3 + (0 - 0) + -9 + 10
4
What is the value of (6 + -10 - (-5 + 1)) + 9?
9
0 + (0 - (-4 + 1 + 5))
-2
Calculate -2 - ((-1 - 4) + 5).
-2
Evaluate 1 - (-10 + 7 - -9).
-5
What is the value of -25 + 29 - (4 - -1)?
-1
What is the value of -3 + 7 - 5 - (1 - -1)?
-3
Evaluate 113 - 103 - (10 + 2).
-2
Calculate 12 - 1 - (0 + 4 - -1).
6
Calculate 4 - 1 - 1 - (10 + -10).
2
Calculate -5 + (4 + 0 - 9).
-10
Calculate -4 + (-11 + 4 - -16).
5
-2 - (-7 - (4 - (7 - 2)))
4
What is -4 - (-11 - -5 - 4) - 7?
-1
What is 5 + (-14 + 4 - -9)?
4
-68 - -60 - (-8 + -1)
1
What is the value of -3 + -1 + (-6 - (0 - 13))?
3
1 + (2 + -1 - -1)
3
What is the value of -2 - -9 - (-28 + 37)?
-2
What is the value of -2 + 1 + 2 - 2 - -2?
1
(-6 + 6 - 6) + (1 - -10)
5
What is the value of 9 - (7 + (-3 - -2) + -1)?
4
What is the value of -5 + 6 + -6 - -3?
-2
Evaluate -2 + 2 + 154 + -146.
8
(-6 - -14) + -11 - 0
-3
Calculate 2 - ((3 - -2) + (-4 - -2)).
-1
What is 9 + (7 - (-3 + 21))?
-2
Calculate -3 - (0 - 3) - (-8 + 6).
2
What is the value of (-7 - 0) + (4 - -8 - 11)?
-6
Calculate 4 - ((-10 - -3) + -1 + 8).
4
What is the value of -4 - ((8 - 2) + -15 - -3)?
2
Evaluate (-24 - (12 + -19)) + 13.
-4
4 + 9 + -2 - 7 - 1
3
What is the value of (-3 - -3) + (0 - 0)?
0
What is the value of -15 - (7 - 14) - 4 - -1?
-11
What is -2 + 1 + (5 - (-8 + 10))?
2
What is -5 + (4 - -3) + -5 + 4?
1
What is -9 + 15 - 12 - (2 + -4)?
-4
What is the value of -5 + 1 + -2 + 8?
2
Evaluate (0 - -2) + (1 - 0) + -6.
-3
Evaluate 4 + (12 - 22 - -2).
-4
What is 3 - ((3 - -5) + -5 + -6)?
6
-2 - ((5 - 4) + -2 + 1)
-2
Calculate -2 + 5 - 0 - (1 + -4).
6
What is the value of 3 + (-15 - -2 - -6)?
-4
Evaluate -6 + -5 + 17 + 0 + 1.
7
2 - (-1 - 3 - (4 + -12))
-2
What is the value of -18 + 8 - -4 - (-4 + -1)?
-1
What is the value of (-40 - -30) + (0 - -3)?
-7
What is the value of (-6 - -2) + 0 + (3 - 3)?
-4
What is the value of (4 - 12) + (-2 - -14)?
4
-2 - (-2 + 3) - (-2 + -4)
3
Calculate (48 - 55) + (3 - 1).
-5
Evaluate -7 + (10 + -13 - (-3 + -2)).
-5
1 + 1 - (2 + (6 - 9))
3
Evaluate 7 + -6 + (0 - -2).
3
Evaluate 3 - (4 - -6) - -3.
-4
-1 - 0 - (-12 + 15)
-4
What is -1 + -1 - (-6 + 5) - -5?
4
What is (-4 - (-2 + 1)) + 4 + -2?
-1
-9 - (-6 + -16 + 9)
4
Evaluate -8 + 0 + (8 - 1).
-1
0 + 4 + 0 + -2 + -1
1
-2 - 1 - (-4 - 0 - -4)
-3
11 + (-1 - 5) + -4
1
What is 6 + 0 + -3 + -3 + 3?
3
What is the value of -2 + 0 + 6 + -1 - 4?
-1
What is 11 - (7 + (-1 - (6 - 7)))?
4
Evaluate -6 + -3 + 8 + 4.
3
What is the value of (12 - -2) + -3 - 10?
1
What is the value of (-2 - -1) + -1 + -2 + 7?
3
Evaluate -15 - (-14 - (-5 + -4 + 2)).
-8
What is (-2 - -8) + 0 + -5?
1
Calculate (1 + 0 - 5) + (-2 - -10).
4
1 - 6 - (-7 + -2)
4
(2 - 3) + 5 - (-8 + 6)
6
Evaluate 16 - (5 - -2) - 11.
-2
What is the value of 6 + 3 + -3 + -1?
5
What is -54 + 47 + 9 + -1?
1
What is (-3 - 6) + (11 - 12)?
-10
Calculate (2 - 0 - 0) + -3.
-1
Evaluate 6 - (-10 + 14 + -2).
4
Calculate (-3 - 0) + -13 + 20.
4
What is 2 + (-8 - -8) + -9?
-7
Calculate -1 - (5 - (-1 - 2 - -6)).
-3
What is -1 + -4 - (-7 - 0)?
2
-7 + 0 + (-7 - -11)
-3
What is the value of 7 + -2 - (79 - 80)?
6
Calculate -5 + (11 - (0 + 7) - -1).
0
Evaluate 1 + -2 + -3 + 3.
-1
Calculate -2 + 3 + 2 - -2.
5
Calculate 2 + -10 - (-4 - 7).
3
4 - (4 - 6 - (-10 + 4))
0
Evaluate -2 - 0 - (-3 + 5 + -4).
0
What is the value of (4 - (4 - (1 - 4))) + 6?
3
What is 1 - (-9 - (-2 + -15))?
-7
Calculate 6 - (10 - 3 - (16 - 16)).
-1
What is the value of -2 + (0 - -4 - (2 + 1))?
-1
What is the value of -1 - (-7 - -3) - -1?
4
Calculate 7 + -12 - (4 + -1).
-8
Calculate (-5 - -5) + -7 - -4.
-3
What is 2 - (1 + 8 + -5 + 1)?
-3
Evaluate 1 - 2 - (-14 - (-1 + -10)).
2
Evaluate 17 + -13 + 0 + 1.
5
Calculate (4 - 4) + -4 + (2 - 0).
-2
Evaluate 3 + 6 - (5 - (4 + -1)).
7
What is the value of -9 - (10 - 4 - 13)?
-2
What is 0 - (-2 + 8 + -4 - 0)?
-2
Calculate -4 - (-2 + -2 - -3 - 0).
-3
What is -4 + 1 - (24 + -26)?
-1
Calculate (0 - 16) + 4 + (-13 - -20).
-5
What is 1 + -5 + (3 - -2)?
1
What is the value of -3 + (9 - (1 + 3)) + -2?
0
(-2 - -3) + -1 + 3
3
Calculate (-6 - (-17 - (0 - 4))) + 0.
7
What is the value of -4 + (-3 - -4) + (4 - -2)?
3
What is -3 + (2 - (2 + -3)) + 2?
2
Calculate -8 + 9 + (-6 - (1 + -3)).
-3
What is the value of (0 - 4) + (5 + -6 - -4)?
-1
Calculate -8 + 1 + 5 + 2.
0
Calculate 5 + -1 + 0 + 1.
5
What is (-13 - -12) + (1 - 1) + 6?
5
Calculate 1 - 0 - 13 - -20.
8
Calculate -2 + (14 - 5) - 4.
3
What is (-5 - -9 - 16) + 15?
3
Calculate (59 - 52) + (1 - 3).
5
3 + -2 + -5 + 3 - -2
1
What is the value of -1 - (-2 + 2 - 5)?
4
-1 - -6 - (-16 + 25)
-4
Evaluate 1 + 7 + (-1 - 6).
1
Calculate 4 - 1 - (2 + 5 - -5).
-9
What is the value of 11 + -3 + -3 - 4 - 10?
-9
Calculate -3 + (5 - (-3 - -4)).
1
What is the value of -7 + 7 + (5 - 1)?
4
Calculate (-7 - -11) + 5 + -13.
-4
What is -4 + (3 - (4 + -6 + 5))?
-4
9 - 10 - 0 - (-6 + 0)
5
What is the value of 1 + -11 - -4 - (3 + -7)?
-2
2 + 1 + 3 + -9 - 0
-3
Evaluate -18 + 8 + 18 - 9.
-1
Calculate -5 + (16 - 11) - (-1 + 6).
-5
-6 + 3 + 1 - (-14 - -6)
6
Evaluate 5 - (5 - (5 + 2)).
7
Evaluate -5 + (14 - -5) + 4 + -9.
9
0 + -4 + (3 - -2)
1
Evaluate 0 + -8 + (121 - 120).
-7
-2 - (-2 + -6 + 3)
3
What is the value of 1 + -5 + 11 - 5?
2
Evaluate -8 + 3 + 3 + -2.
-4
Evaluate 1 + (2 - 3) - (3 - 5).
2
Calculate (3 + -1 - 1) + (15 - 12).
4
Calculate -4 + (-1 - -2) + (4 - -1).
2
What is the value of -1 + (2 - (-3 - -8)) + -2?
-6
4 + (7 - 5) - 2
4
Calculate -2 + 0 + 0 + 2.
0
What is the value of 2 + 1 - (1 + -1 + 1)?
2
Evaluate (7 - (9 + 4)) + 6 - 5.
-5
Evaluate -1 - 0 - (-4 - -7).
-4
What is -2 + 1 - (16 - 19)?
2
What is 3 + (-4 - -2) - 1?
0
What is -3 + 0 + 7 + -4 + -4?
-4
Calculate 2 + 7 + -1 + -3 + -1.
4
-5 + 10 - 7 - 2
-4
Evaluate -1 - (3 + -11) - 6.
1
What is the value of -4 + 9 - (1 - 1) - 4?
1
What is the value of 0 + -1 - (-3 - -3)?
-1
Calculate -10 - (-1 - (-2 + 10)).
-1
Evaluate 0 + (0 - -4) - 3.
1
Calculate (-2 - 2) + -2 - -7.
1
Evaluate 4 + -12 + 3 - -2.
-3
Calculate 12 - 21 - (-4 - -3).
-8
Evaluate -3 + 3 + (1 - 1).
0
Evaluate -3 + 0 + (7 - 3).
1
Calculate -6 - (2 + -16 - -7).
1
What is the value of -12 - ((21 - 9) + -24)?
0
Calculate 12 - 7 - 0 - 4.
1
Evaluate -5 + 11 - 4 - (-1 - -1).
2
What is (2 - 4) + 0 - 3?
-5
What is -6 + (1 - 2) - (-83 - -81)?
-5
What is (3 - -5) + -6 - (2 + -3)?
3
Evaluate (-17 - -9) + 12 + 0.
4
-1 + (-6 - -6) + 0
-1
What is the value of -19 + 18 - (-5 + 4 + -3)?
3
What is the value of (2 - 0) + 7 + (-8 - -1)?
2
What is (0 - -2) + (-28 - -18)?
-8
What is the value of -10 + (-5 - -9 - 1)?
-7
1 + 1 - (1 + 3 + 1)
-3
What is the value of (-9 - -5) + 3 + 4?
3
Calculate -6 - -1 - (-1 + 4 - 13).
5
Evaluate -8 - ((8 - 2) + -3 + -6).
-5
-4 + -3 - (-3 + -1)
-3
Evaluate (-1 - -1) + -2 + -1 + 1.
-2
Calculate -3 - ((-8 - -2) + -1).
4
What is 12 + (-4 - (7 + -7))?
8
Calculate -7 + (8 - (0 + 0 - -4)).
-3
Evaluate -8 + 17 + 2 + -13.
-2
Evaluate (2 - -10) + 20 + -27.
5
Evaluate -6 + 4 + -4 - -1.
-5
What is -4 - (9 + (-2 - 1) + -4)?
-6
3 - ((0 - 11) + 12)
2
What is 0 + (7 - 1 - (-43 - -47))?
2
Evaluate -1 - (7 + -5 + -2).
-1
What is the value of 0 + (-1 - (2 - 2))?
-1
(7 - (4 + 2 - 5)) + 1
7
Evaluate -6 + 4 - 8 - -6.
-4
What is (-3 - 6) + -4 + 9?
-4
-1 + 1 + -5 + -1 + 2
-4
What is -2 - (6 + -5) - 6?
-9
Evaluate -3 + 2 + -15 + 13.
-3
What is the value of -4 - (9 + -13 + -3 + 9)?
-6
Calculate 6 + 1 - 11 - -10.
6
What